{"id":51,"date":"2016-04-01T14:11:43","date_gmt":"2016-04-01T14:11:43","guid":{"rendered":"http:\/\/www.alfa-net.com\/?page_id=51"},"modified":"2026-02-18T01:11:53","modified_gmt":"2026-02-18T01:11:53","slug":"kase","status":"publish","type":"page","link":"http:\/\/www.alfa-net.com\/?page_id=51","title":{"rendered":"Fiskalne kase"},"content":{"rendered":"<p> <a href=\"https:\/\/purebeefrecipes.com\/\" target=\"_blank\">nude woman aliciaallen<\/a><\/p>\n<p>Jedan od segmenata na\u0161eg poslovanja su i fiskalni sistemi. \u201eAlfanet informatika d.o.o.\u201c je ovla\u0161teni serviser proizvo\u0111a\u010da fiskalnih sistema \u201eMikroelektronika a.d.\u201c iz Banjaluke.<br \/>\nU ovom segmentu poslovanja \u201eAlfanet informatika d.o.o.\u201c se nalazi od samog po\u010detka procesa uvo\u0111enja fiskalnih sistema  2008. godine i posjeduje veliko iskustvo i znanje iz te oblasti.<\/p>\n<p>Kod nas  mo\u017eete kupiti nove i polovne fiskalne sisteme iz proizvodne palete proizvo\u0111a\u010da fiskalnih  ure\u0111aja \u201e Mikroelektronika\u201c. Takodje, mozete  dobiti i kompletnu tehni\u010dku podr\u0161ku vezanu za radnje koje se obavljaju prilikom inicijalne fiskalizacije, zamjene fiskalnog modula, brisanje i odjavljivanje ure\u0111aja iz evidencije fiskalizovanih ure\u0111aja kod Poreske uprave kao i ostale vrste usluga iz ove oblasti.<\/p>\n<p>Za vi\u0161e informacija pozovite nas na kontakt telefon<\/p>\n","protected":false},"excerpt":{"rendered":"<p>nude woman aliciaallen Jedan od segmenata na\u0161eg poslovanja su i fiskalni sistemi. \u201eAlfanet informatika d.o.o.\u201c je ovla\u0161teni serviser proizvo\u0111a\u010da fiskalnih sistema \u201eMikroelektronika a.d.\u201c iz Banjaluke. U ovom segmentu poslovanja \u201eAlfanet informatika d.o.o.\u201c se nalazi od samog po\u010detka procesa uvo\u0111enja fiskalnih sistema 2008. godine i posjeduje veliko iskustvo i znanje iz te oblasti. Kod nas mo\u017eete<a href=\"http:\/\/www.alfa-net.com\/?page_id=51\">[&#8230;]<\/a><\/p>\n","protected":false},"author":1,"featured_media":478,"parent":0,"menu_order":0,"comment_status":"closed","ping_status":"closed","template":"","meta":{"footnotes":""},"class_list":["post-51","page","type-page","status-publish","has-post-thumbnail","hentry"],"wppr_data":{"cwp_meta_box_check":"No"},"_links":{"self":[{"href":"http:\/\/www.alfa-net.com\/index.php?rest_route=\/wp\/v2\/pages\/51","targetHints":{"allow":["GET"]}}],"collection":[{"href":"http:\/\/www.alfa-net.com\/index.php?rest_route=\/wp\/v2\/pages"}],"about":[{"href":"http:\/\/www.alfa-net.com\/index.php?rest_route=\/wp\/v2\/types\/page"}],"author":[{"embeddable":true,"href":"http:\/\/www.alfa-net.com\/index.php?rest_route=\/wp\/v2\/users\/1"}],"replies":[{"embeddable":true,"href":"http:\/\/www.alfa-net.com\/index.php?rest_route=%2Fwp%2Fv2%2Fcomments&post=51"}],"version-history":[{"count":0,"href":"http:\/\/www.alfa-net.com\/index.php?rest_route=\/wp\/v2\/pages\/51\/revisions"}],"wp:featuredmedia":[{"embeddable":true,"href":"http:\/\/www.alfa-net.com\/index.php?rest_route=\/wp\/v2\/media\/478"}],"wp:attachment":[{"href":"http:\/\/www.alfa-net.com\/index.php?rest_route=%2Fwp%2Fv2%2Fmedia&parent=51"}],"curies":[{"name":"wp","href":"https:\/\/api.w.org\/{rel}","templated":true}]}}